{"id":9,"date":"2024-05-03T09:38:18","date_gmt":"2024-05-03T09:38:18","guid":{"rendered":"https:\/\/odeisinh.rkinformatika.online\/?page_id=9"},"modified":"2024-05-09T11:39:11","modified_gmt":"2024-05-09T11:39:11","slug":"terminos-del-servicio","status":"publish","type":"page","link":"https:\/\/odeisinh.es\/eus\/terminos-del-servicio\/","title":{"rendered":"Zerbitzuaren baldintzak"},"content":{"rendered":"<div data-elementor-type=\"wp-page\" data-elementor-id=\"9\" class=\"elementor elementor-9\" data-elementor-post-type=\"page\">\n\t\t\t\t<div class=\"elementor-element elementor-element-53c0d723 e-flex e-con-boxed e-con e-parent\" data-id=\"53c0d723\" data-element_type=\"container\" data-e-type=\"container\">\n\t\t\t\t\t<div class=\"e-con-inner\">\n\t\t\t\t<div class=\"elementor-element elementor-element-7a03dac elementor-widget elementor-widget-text-editor\" data-id=\"7a03dac\" data-element_type=\"widget\" data-e-type=\"widget\" data-widget_type=\"text-editor.default\">\n\t\t\t\t<div class=\"elementor-widget-container\">\n\t\t\t\t\t\t\t\t\t\n<h3 class=\"western\"><span style=\"color: #666666;\"><span style=\"font-family: Helvetica 65 Medium, sans-serif;\"><b>T\u00e9rminos del servicio<\/b><\/span><\/span><\/h3>\n<p align=\"left\"><span style=\"color: #666666;\"><span style=\"font-family: Helvetica 65 Medium, sans-serif;\"><span style=\"font-size: large;\"><span style=\"font-size: 300%;\">C<\/span>omprar en nuestra tienda es muy sencillo: s\u00f3lo tienes que elegir el\/los art\u00edculos, incorporarlo a tu cesta pulsando sobre el icono y tramitar el pedido, empleando el medio de pago que t\u00fa elijas.<\/span><\/span><\/span><\/p>\n<p align=\"left\"><span style=\"color: #666666;\"><span style=\"font-family: Helvetica 65 Medium, sans-serif;\"><span style=\"font-size: large;\">1. Elige el\/los art\u00edculo.<br \/>2. Visualiza el producto y sus caracter\u00edsticas.<br \/>3. Selecciona un producto y a a\u00f1ade el art\u00edculo a la cesta. A continuaci\u00f3n, puedes elegir seguir comprando o tramitar pedido.<br \/>4. Si quieres seguir comprando, repite el proceso pero si quieres tramitar pedido, reg\u00edstrate.<br \/>5. Una vez que hayas introducido tus datos, comprueba que sean correctos y pulsa confirmar.<br \/>6. Aseg\u00farate de que la direcci\u00f3n de env\u00edo y facturaci\u00f3n son las correctas.<br \/>7. Selecciona un m\u00e9todo de pago: Paypal, Visa, Visa Electron, Mastercard\u2026<br \/>8. Confirma el pedido.<br \/>9. Recibir\u00e1s un email confirm\u00e1ndote tu pedido.<\/span><\/span><\/span><\/p>\n\t\t\t\t\t\t\t\t<\/div>\n\t\t\t\t<\/div>\n\t\t\t\t\t<\/div>\n\t\t\t\t<\/div>\n\t\t\t\t<\/div>","protected":false},"excerpt":{"rendered":"<p>T\u00e9rminos del servicio Comprar en nuestra tienda es muy sencillo: s\u00f3lo tienes que elegir el\/los art\u00edculos, incorporarlo a tu cesta pulsando sobre el icono y tramitar el pedido, empleando el medio de pago que t\u00fa elijas. 1. Elige el\/los art\u00edculo.2. Visualiza el producto y sus caracter\u00edsticas.3. Selecciona un producto y a a\u00f1ade el art\u00edculo a [&hellip;]<\/p>\n","protected":false},"author":1,"featured_media":0,"parent":0,"menu_order":0,"comment_status":"closed","ping_status":"closed","template":"elementor_canvas","meta":{"footnotes":""},"class_list":["post-9","page","type-page","status-publish","hentry"],"yoast_head":"<!-- This site is optimized with the Yoast SEO plugin v27.5 - https:\/\/yoast.com\/product\/yoast-seo-wordpress\/ -->\n<title>T\u00e9rminos del Servicio - Odei Sin H<\/title>\n<meta name=\"robots\" content=\"index, follow, max-snippet:-1, max-image-preview:large, max-video-preview:-1\" \/>\n<link rel=\"canonical\" href=\"https:\/\/odeisinh.es\/eus\/terminos-del-servicio\/\" \/>\n<meta property=\"og:locale\" content=\"en_US\" \/>\n<meta property=\"og:type\" content=\"article\" \/>\n<meta property=\"og:title\" content=\"T\u00e9rminos del Servicio - Odei Sin H\" \/>\n<meta property=\"og:description\" content=\"T\u00e9rminos del servicio Comprar en nuestra tienda es muy sencillo: s\u00f3lo tienes que elegir el\/los art\u00edculos, incorporarlo a tu cesta pulsando sobre el icono y tramitar el pedido, empleando el medio de pago que t\u00fa elijas. 1. Elige el\/los art\u00edculo.2. Visualiza el producto y sus caracter\u00edsticas.3. Selecciona un producto y a a\u00f1ade el art\u00edculo a [&hellip;]\" \/>\n<meta property=\"og:url\" content=\"https:\/\/odeisinh.es\/eus\/terminos-del-servicio\/\" \/>\n<meta property=\"og:site_name\" content=\"Odei Sin H\" \/>\n<meta property=\"article:modified_time\" content=\"2024-05-09T11:39:11+00:00\" \/>\n<meta name=\"twitter:card\" content=\"summary_large_image\" \/>\n<meta name=\"twitter:label1\" content=\"Est. reading time\" \/>\n\t<meta name=\"twitter:data1\" content=\"1 minutua\" \/>\n<script type=\"application\/ld+json\" class=\"yoast-schema-graph\">{\"@context\":\"https:\\\/\\\/schema.org\",\"@graph\":[{\"@type\":\"WebPage\",\"@id\":\"https:\\\/\\\/odeisinh.es\\\/terminos-del-servicio\\\/\",\"url\":\"https:\\\/\\\/odeisinh.es\\\/terminos-del-servicio\\\/\",\"name\":\"T\u00e9rminos del Servicio - Odei Sin H\",\"isPartOf\":{\"@id\":\"https:\\\/\\\/odeisinh.es\\\/#website\"},\"datePublished\":\"2024-05-03T09:38:18+00:00\",\"dateModified\":\"2024-05-09T11:39:11+00:00\",\"breadcrumb\":{\"@id\":\"https:\\\/\\\/odeisinh.es\\\/terminos-del-servicio\\\/#breadcrumb\"},\"inLanguage\":\"eu\",\"potentialAction\":[{\"@type\":\"ReadAction\",\"target\":[\"https:\\\/\\\/odeisinh.es\\\/terminos-del-servicio\\\/\"]}]},{\"@type\":\"BreadcrumbList\",\"@id\":\"https:\\\/\\\/odeisinh.es\\\/terminos-del-servicio\\\/#breadcrumb\",\"itemListElement\":[{\"@type\":\"ListItem\",\"position\":1,\"name\":\"Portada\",\"item\":\"https:\\\/\\\/odeisinh.es\\\/\"},{\"@type\":\"ListItem\",\"position\":2,\"name\":\"T\u00e9rminos del Servicio\"}]},{\"@type\":\"WebSite\",\"@id\":\"https:\\\/\\\/odeisinh.es\\\/#website\",\"url\":\"https:\\\/\\\/odeisinh.es\\\/\",\"name\":\"Odei Sin H\",\"description\":\"\",\"publisher\":{\"@id\":\"https:\\\/\\\/odeisinh.es\\\/#organization\"},\"potentialAction\":[{\"@type\":\"SearchAction\",\"target\":{\"@type\":\"EntryPoint\",\"urlTemplate\":\"https:\\\/\\\/odeisinh.es\\\/?s={search_term_string}\"},\"query-input\":{\"@type\":\"PropertyValueSpecification\",\"valueRequired\":true,\"valueName\":\"search_term_string\"}}],\"inLanguage\":\"eu\"},{\"@type\":\"Organization\",\"@id\":\"https:\\\/\\\/odeisinh.es\\\/#organization\",\"name\":\"Odei Sin H\",\"url\":\"https:\\\/\\\/odeisinh.es\\\/\",\"logo\":{\"@type\":\"ImageObject\",\"inLanguage\":\"eu\",\"@id\":\"https:\\\/\\\/odeisinh.es\\\/#\\\/schema\\\/logo\\\/image\\\/\",\"url\":\"https:\\\/\\\/odeisinh.es\\\/wp-content\\\/uploads\\\/2024\\\/05\\\/cropped-odeisinh.png\",\"contentUrl\":\"https:\\\/\\\/odeisinh.es\\\/wp-content\\\/uploads\\\/2024\\\/05\\\/cropped-odeisinh.png\",\"width\":500,\"height\":500,\"caption\":\"Odei Sin H\"},\"image\":{\"@id\":\"https:\\\/\\\/odeisinh.es\\\/#\\\/schema\\\/logo\\\/image\\\/\"}}]}<\/script>\n<!-- \/ Yoast SEO plugin. -->","yoast_head_json":{"title":"T\u00e9rminos del Servicio - Odei Sin H","robots":{"index":"index","follow":"follow","max-snippet":"max-snippet:-1","max-image-preview":"max-image-preview:large","max-video-preview":"max-video-preview:-1"},"canonical":"https:\/\/odeisinh.es\/eus\/terminos-del-servicio\/","og_locale":"en_US","og_type":"article","og_title":"T\u00e9rminos del Servicio - Odei Sin H","og_description":"T\u00e9rminos del servicio Comprar en nuestra tienda es muy sencillo: s\u00f3lo tienes que elegir el\/los art\u00edculos, incorporarlo a tu cesta pulsando sobre el icono y tramitar el pedido, empleando el medio de pago que t\u00fa elijas. 1. Elige el\/los art\u00edculo.2. Visualiza el producto y sus caracter\u00edsticas.3. Selecciona un producto y a a\u00f1ade el art\u00edculo a [&hellip;]","og_url":"https:\/\/odeisinh.es\/eus\/terminos-del-servicio\/","og_site_name":"Odei Sin H","article_modified_time":"2024-05-09T11:39:11+00:00","twitter_card":"summary_large_image","twitter_misc":{"Est. reading time":"1 minutua"},"schema":{"@context":"https:\/\/schema.org","@graph":[{"@type":"WebPage","@id":"https:\/\/odeisinh.es\/terminos-del-servicio\/","url":"https:\/\/odeisinh.es\/terminos-del-servicio\/","name":"T\u00e9rminos del Servicio - Odei Sin H","isPartOf":{"@id":"https:\/\/odeisinh.es\/#website"},"datePublished":"2024-05-03T09:38:18+00:00","dateModified":"2024-05-09T11:39:11+00:00","breadcrumb":{"@id":"https:\/\/odeisinh.es\/terminos-del-servicio\/#breadcrumb"},"inLanguage":"eu","potentialAction":[{"@type":"ReadAction","target":["https:\/\/odeisinh.es\/terminos-del-servicio\/"]}]},{"@type":"BreadcrumbList","@id":"https:\/\/odeisinh.es\/terminos-del-servicio\/#breadcrumb","itemListElement":[{"@type":"ListItem","position":1,"name":"Portada","item":"https:\/\/odeisinh.es\/"},{"@type":"ListItem","position":2,"name":"T\u00e9rminos del Servicio"}]},{"@type":"WebSite","@id":"https:\/\/odeisinh.es\/#website","url":"https:\/\/odeisinh.es\/","name":"Odei Sin H","description":"","publisher":{"@id":"https:\/\/odeisinh.es\/#organization"},"potentialAction":[{"@type":"SearchAction","target":{"@type":"EntryPoint","urlTemplate":"https:\/\/odeisinh.es\/?s={search_term_string}"},"query-input":{"@type":"PropertyValueSpecification","valueRequired":true,"valueName":"search_term_string"}}],"inLanguage":"eu"},{"@type":"Organization","@id":"https:\/\/odeisinh.es\/#organization","name":"Odei Sin H","url":"https:\/\/odeisinh.es\/","logo":{"@type":"ImageObject","inLanguage":"eu","@id":"https:\/\/odeisinh.es\/#\/schema\/logo\/image\/","url":"https:\/\/odeisinh.es\/wp-content\/uploads\/2024\/05\/cropped-odeisinh.png","contentUrl":"https:\/\/odeisinh.es\/wp-content\/uploads\/2024\/05\/cropped-odeisinh.png","width":500,"height":500,"caption":"Odei Sin H"},"image":{"@id":"https:\/\/odeisinh.es\/#\/schema\/logo\/image\/"}}]}},"jetpack_sharing_enabled":true,"_links":{"self":[{"href":"https:\/\/odeisinh.es\/eus\/wp-json\/wp\/v2\/pages\/9","targetHints":{"allow":["GET"]}}],"collection":[{"href":"https:\/\/odeisinh.es\/eus\/wp-json\/wp\/v2\/pages"}],"about":[{"href":"https:\/\/odeisinh.es\/eus\/wp-json\/wp\/v2\/types\/page"}],"author":[{"embeddable":true,"href":"https:\/\/odeisinh.es\/eus\/wp-json\/wp\/v2\/users\/1"}],"replies":[{"embeddable":true,"href":"https:\/\/odeisinh.es\/eus\/wp-json\/wp\/v2\/comments?post=9"}],"version-history":[{"count":5,"href":"https:\/\/odeisinh.es\/eus\/wp-json\/wp\/v2\/pages\/9\/revisions"}],"predecessor-version":[{"id":350,"href":"https:\/\/odeisinh.es\/eus\/wp-json\/wp\/v2\/pages\/9\/revisions\/350"}],"wp:attachment":[{"href":"https:\/\/odeisinh.es\/eus\/wp-json\/wp\/v2\/media?parent=9"}],"curies":[{"name":"wp","href":"https:\/\/api.w.org\/{rel}","templated":true}]}}